5*z - y + 114 = 0, 0 = 3*z - 4*z - 4*y + 19. Let c(d) = -19 + 0 - z*d - 14 + 5. Let b be c(-4). Calculate the greatest common factor of 96 and b.
32
Let x(j) = 47 + j**2 - 107 - 7*j + 51. Let o be x(-5). What is the greatest common divisor of o and 408?
51
Let t be 0/2 + -1 - -7. Suppose -2*j + 5*d + 165 - 68 = 0, -4*j - 3*d + 25 = 0. What is the greatest common divisor of j and t?
2
Suppose -4*l = 3*c - 283, 6*l - 3*l + 5*c = 215. Calculate the highest common factor of l and 322.
14
Let s = -2260 + 2735. What is the greatest common divisor of s and 19?
19
Suppose o - 72*z + 75*z - 7 = 0, 3*o = -3*z + 3. Suppose 5 - 50 = -g. Let p = o + g. What is the highest common factor of p and 215?
43
Let n be ((-4)/3)/(3*12/(-108)). Let c be 9/n*(-6664)/(-102). What is the greatest common factor of c and 3?
3
Let h = 7119 - 6326. What is the highest common factor of 520 and h?
13
Let o(v) = -5*v + 131. Let n be o(-33). Let h = -139 + 176. Calculate the greatest common factor of n and h.
37
Let y = -2657 - -3930. What is the greatest common divisor of 19 and y?
19
Let j(a) = -a**3 - 15*a**2 - 18*a - 30. Let q(c) = 11*c - 3. Let f be q(-1). Let r be j(f). What is the highest common factor of r and 4?
2
Let s = -8897 + 10449. Calculate the highest common factor of s and 16.
16
Let m be (6/(-4))/(-1)*327998/33. Calculate the greatest common factor of 17 and m.
17
Suppose -570*g + 1126*g = 564*g - 48520. What is the highest common divisor of 15 and g?
5
Let r = -5222 + 5228. What is the highest common divisor of 134 and r?
2
Suppose -12*x = -0*x - 2208. Let n = 429 - x. Calculate the greatest common divisor of n and 35.
35
Let u = -615 - -648. Calculate the greatest common factor of u and 11.
11
Let k be ((-4)/(-16) - (-133)/(-84))*-72. Suppose 101*c + k = 102*c. Calculate the greatest common factor of c and 224.
32
Let b(x) = -8*x + 46. Let p be b(26). Let f be 1032/27 + 36/p. What is the greatest common divisor of 323 and f?
19
Suppose 27 = -3*o - 0*o. Let f(m) = -3*m + 5. Let a be f(o). Let v be 5476/38 - (12/(-14))/((-285)/35). What is the greatest common factor of v and a?
16
Let z = -7541 - -7543. Let u(v) = v**3 - 10*v**2 + 12*v - 1. Let y be u(9). What is the greatest common divisor of y and z?
2
Suppose 3283*h - 528 = 3272*h. What is the highest common divisor of h and 1744?
16
Suppose -130*l = 134*l - 237*l - 2430. Suppose 3*h - 2*x - 1 = 9, x = 5*h - 19. Suppose -h*k + 57 + 3 = 0. What is the highest common divisor of l and k?
15
Let k be 2 + 3*-2 + 0. Let a be (-2 - 0/(-3))/(k/110). Let c = a + -27. What is the highest common divisor of c and 42?
14
Let a = -3880 - -4132. What is the highest common factor of a and 492?
12
Let t = 1424 - 1415. What is the greatest common factor of t and 468?
9
Suppose 93*z = 2031 - 1473. Let w(u) = u**2 + 2*u. Let a be w(4). What is the greatest common factor of a and z?
6
Suppose -d + 5*g = -680, -150*d + 146*d - g = -2699. Calculate the highest common divisor of d and 180.
45
Let u be 10/2700*27 - (-99)/10. What is the greatest common factor of u and 3065?
5
Suppose -3*y - 22 = -g, 3*y - 6*y - 4*g = 2. Let z be 2 - (-1 + 0)*(0 - y). Calculate the highest common factor of 24 and z.
8
Suppose 4*b - 85 = -33. Let s be (-1)/(-3) + 37*20/3. Calculate the greatest common factor of b and s.
13
Suppose -2*x + 3*u + 39 = 44, -3*x = -4*u + 8. Let k be (-6)/x*2 - (-356 - 1). What is the highest common factor of 15 and k?
15
Let w(f) = -f**3 + 6*f**2 - 9*f + 15. Let j be w(5). Let t be -96*5/j + 2 + 1. Suppose 5*c - 16 = 29. Calculate the highest common factor of t and c.
9
Let m(r) = r**3 + 43*r**2 + 5*r - 370. Let h be m(-42). Calculate the highest common factor of 16 and h.
16
Let w = 30160 - 30092. Calculate the greatest common divisor of w and 1666.
34
Let m = -500 - -511. Suppose m*b = 1735 + 3435. Calculate the greatest common factor of 10 and b.
10
Suppose -5*r + 612 = -4*h - 0*r, -3*h + 4*r - 460 = 0. Let u be (h/(-6))/((-14)/(-21)). What is the greatest common divisor of 111 and u?
37
Let v be 258/(-215)*5/3 + 5*26. Calculate the highest common factor of 11072 and v.
64
Let a(m) = -92*m - 581. Let c be a(-7). What is the highest common divisor of 2880 and c?
9
Suppose 2 = -l, -5*d - 5*l + 6*l + 7 = 0. What is the highest common factor of d and 839?
1
Let s be 0/(-1 - (3 + -2)). Let y = s - -33. Let j(k) = -29*k - 83. Let a be j(-4). What is the highest common factor of y and a?
33
Suppose 74*u + 878 - 2738 = 582. What is the highest common divisor of 2959 and u?
11
Let d(v) = -2*v**2 - 8*v + 8. Let p be d(-8). Let i be 64/(-12) + 5 - p/6. Let k be i - ((-18)/27 + 10/6). Calculate the greatest common divisor of k and 8.
8
Suppose -2*c = -18 - 10. Suppose 5*s - 2*r = 401 - 45, 0 = 3*s + 4*r - 198. What is the highest common factor of c and s?
14
Let o = -116 + 54. Let i = o + 64. Suppose -413 = -i*r - 2*p + 287, -5*r = 4*p - 1752. Calculate the greatest common factor of r and 32.
32
Suppose -129*b = z - 125*b - 46, -160 = -4*z - 4*b. What is the highest common divisor of 113 and z?
1
Suppose -85*a - 324*a = -231991 - 65761. Calculate the greatest common divisor of 32 and a.
8
Let n be (-27)/(-2)*((-10)/15)/(-1). Suppose 0 = -2*z - z + n. Let q be 2/(-6) + 22/z. Calculate the highest common divisor of 7 and q.
7
Suppose 54*l + 43 = 2*j + 49*l, -3*l - 15 = 0. Let i(y) = 2*y**2 - 9*y + 7 + 0 + 0. Let f be i(j). What is the highest common factor of 22 and f?
22
Let j = -1502 - -1653. What is the greatest common factor of 1 and j?
1
Let q(a) = a**3 - 4*a**2 + a - 5. Let f be q(6). Suppose -28*w + 2414 - 771 + 2445 = 0. Calculate the greatest common divisor of w and f.
73
Let i be 1/6 + (-5748)/(-72). Suppose 0 = -13*b + 12*b + i. Suppose b = -4*q + 9*q. What is the greatest common factor of q and 40?
8
Let x = 487 + -605. Let m = 216 + x. Calculate the greatest common divisor of 42 and m.
14
Let g(o) = -o**2 - 13*o - 1. Let y be g(-7). Suppose -39 + 47 = -4*u, -242 = -3*r - 2*u. What is the greatest common divisor of y and r?
41
Suppose 348 - 997 = k. Let t = k + 736. Calculate the highest common divisor of 58 and t.
29
Let o(j) = 19*j + 133. Let k be o(-7). Suppose 2*v - 211 - 923 = k. What is the highest common divisor of 27 and v?
27
Suppose 42 = g + g. Let j be 1*4/14 - 54/189. Suppose 7*m - 8*m + 42 = j. Calculate the highest common factor of m and g.
21
Let k(v) = -225*v + 990. Let o be k(4). What is the greatest common divisor of 8730 and o?
90
Suppose 11*d + 13*d + 402 = 91*d. What is the greatest common divisor of d and 18852?
6
Let d be 25 + 1 - (26 + -17). Let b be ((-211)/2)/(d/(-68)) + 3. What is the highest common factor of 50 and b?
25
Suppose -5*o = 4*t - 1236, 3*o - 724 = -18*t + 20*t. Suppose -19*b + o = -174. What is the highest common factor of b and 451?
11
Let d be (-4)/(-14) - (-304)/14. Let i be ((-94)/(-282))/(1/63). Suppose -835 = -i*s + 2861. What is the highest common divisor of d and s?
22
Let j(y) = 2*y**3 - 8*y**2 - 4*y + 44. Let x be j(6). Suppose -170*s + x*s + 84 = 0. What is the highest common divisor of s and 91?
7
Let o be (876/2)/((-13)/((-312)/108) - 3). What is the highest common factor of 8 and o?
4
Suppose -16*s + 404 = -17*s. Let h = 520 + s. Calculate the greatest common factor of h and 87.
29
Suppose -5*a + 3*a = -5*n - 30, 5*a = -n + 48. Let i(d) = -8*d**2 - 2*d + 1. Let v be i(-2). Let s = 32 + v. Calculate the highest common factor of a and s.
5
Let b(t) = 7*t - 11. Let x be b(-2). Let c = 27 + x. Suppose 2*s - f = -c*s + 40, -2*s = -2*f - 14. What is the highest common divisor of s and 121?
11
Let q(w) = -w**3 - 10*w**2 + 77*w - 44. Let n be q(-16). What is the highest common divisor of n and 910?
130
Let x be 1113/7 + (4 - -100)/(-8). What is the highest common divisor of 15622 and x?
146
Suppose -24 = 4*n, 3*c - 79*n = -83*n + 55680. Calculate the greatest common divisor of c and 88.
88
Let l be ((-3)/(234/(-884)))/(1 - (-2606)/(-2610)). Calculate the greatest common factor of 290 and l.
145
Let k = 140 + -138. Suppose -k*b = 3*h - 37, -h - 14*b = -15*b - 19. Calculate the highest common factor of h and 165.
15
Let w = 45 - 39. Suppose w = -t + 3*t. Suppose 19 - 22 = -t*o. Calculate the greatest common factor of 6 and o.
1
Let v be (-8 + -2825)*(1 - (0 + 2)). Suppose